 155501. Determine o(39).
-31
Let l(n) = n**3 + 156*n + 793. What is l(-5)?
-112
Let y(x) = x**2 + 127768*x - 2811401. Give y(22).
-21
Let k(x) = -2*x**3 + 309*x**2 - 144*x - 534. Determine k(154).
1006
Let w(y) = -9685*y - 3999907. What is w(-413)?
-2
Let u(y) = 6*y**2 + 170*y + 1605. Calculate u(-11).
461
Let k(a) = 4*a**3 - 183*a**2 - 138*a + 4234. What is k(46)?
2
Let l(n) = -7*n**3 + 142*n**2 - 667*n - 174. What is l(8)?
-6
Let x(h) = -629*h - 15698. What is x(-25)?
27
Let d(b) = 38*b**3 + 7*b**2 - 32*b. Determine d(3).
993
Let k(r) = 166*r**2 + 5*r - 110. Calculate k(3).
1399
Let q(r) = r**2 - 7237*r - 1548542. Give q(-208).
18
Let a(p) = -p**3 - 131*p**2 - 473*p + 2319. Calculate a(-127).
-2126
Let q(r) = 204232*r + 15521602. Determine q(-76).
-30
Let k(p) = -p**3 - 47*p**2 + 1231*p + 22981. What is k(-61)?
-16
Let z(t) = 138*t - 16573. Give z(121).
125
Let m(r) = 40236*r - 120622. What is m(3)?
86
Let m(t) = 320052*t + 2240377. What is m(-7)?
13
Let a(s) = 54640*s + 328857. Calculate a(-6).
1017
Let j(k) = 2484*k - 263240. Calculate j(106).
64
Let l(y) = 654210*y - 11775776. Determine l(18).
4
Let s(h) = 11257*h + 551588. Calculate s(-49).
-5
Let l(h) = -46*h**3 + 12*h**2 - 36*h + 5. Give l(2).
-387
Let u(r) = 7*r**2 + 433*r + 4015. Give u(-50).
-135
Let o(u) = 945877*u + 945881. What is o(-1)?
4
Let l(k) = -15173*k - 318716. Calculate l(-21).
-83
Let v(l) = 4*l**3 - 216*l**2 - 459*l + 601. Calculate v(56).
-15
Let o(u) = u**3 - 27*u**2 - 192*u + 257. Calculate o(-7).
-65
Let a(v) = -2*v**3 - 12*v**2 + 226*v + 1651. What is a(-8)?
99
Let y(g) = g**3 - 817*g**2 + 3212*g + 32515. Determine y(813).
-5
Let x(h) = -151*h + 7397. Calculate x(96).
-7099
Let u(y) = 842*y - 85058. Determine u(101).
-16
Let n(p) = -2*p**2 + 6466*p + 2020480. Calculate n(-287).
0
Let s(p) = p**3 + 45*p**2 + 713*p + 29419. Calculate s(-44).
-17
Let p(o) = -594*o + 10047. Determine p(17).
-51
Let b(k) = 148*k + 9616. What is b(-65)?
-4
Let g(y) = -76186*y + 533308. Calculate g(7).
6
Let r(y) = y**3 + 2342*y**2 - 7092*y + 173. Calculate r(3).
2
Let v(h) = 47*h**2 + 196*h - 933. What is v(-7)?
-2
Let t(g) = g**3 + 357*g**2 - 517*g - 184534. Give t(-357).
35
Let p(x) = -3*x**3 - 11*x**2 - 25*x - 71. Calculate p(-3).
-14
Let d(g) = 366*g**2 - 363*g - 1. Give d(1).
2
Let u(p) = 87*p**3 + 446*p**2 + 55*p + 42. Give u(-5).
42
Let i(s) = -8075*s - 40313. Give i(-5).
62
Let z(t) = -174*t**2 - 77*t - 12. Calculate z(2).
-862
Let z(l) = -3*l**2 - 3042*l + 129745. What is z(41)?
-20
Let k(h) = h**2 + 1292*h - 181754. Determine k(128).
6
Let l(m) = -6*m**3 + 10*m**2 - 41*m - 9. Calculate l(3).
-204
Let p(w) = 2*w**2 + 364*w - 5679. Calculate p(14).
-191
Let s(u) = -170*u + 30722. Calculate s(178).
462
Let c(b) = 49*b**2 + 1187*b + 6360. What is c(-8)?
0
Let c(b) = -110*b + 1647. What is c(17)?
-223
Let h(m) = 1018*m - 230101. What is h(226)?
-33
Let c(y) = 3*y**3 + 3*y**2 - 106*y - 477. What is c(-5)?
-247
Let x(j) = -2903*j + 638. What is x(1)?
-2265
Let j(w) = 361*w - 414. Determine j(1).
-53
Let j(y) = -y**2 + 9583*y + 1272532. Calculate j(-131).
-2
Let y(f) = -472462*f + 8976801. Calculate y(19).
23
Let j(h) = -5*h**2 + 400*h + 2654. Calculate j(86).
74
Let b(v) = 2113*v + 164809. Determine b(-78).
-5
Let t(d) = 4031*d - 12165. Calculate t(3).
-72
Let m(q) = 51*q**2 - 3435*q + 1212. Determine m(67).
6
Let s(h) = 121*h**3 - 2540*h**2 + 596*h - 12963. Give s(21).
-6
Let g(r) = -9*r**3 - 2*r**2 + 77*r + 17. What is g(-4)?
253
Let f(l) = -43627*l - 392716. Calculate f(-9).
-73
Let p(y) = -13303*y - 252757. Calculate p(-19).
0
Let m(z) = -2*z**3 - 61*z**2 - 184*z - 2968. Calculate m(-29).
-155
Let c(w) = -2210832*w + 6632492. Calculate c(3).
-4
Let j(p) = -p**3 - 120*p**2 + 1042*p - 1603. Give j(2).
-7
Let l(t) = 4552*t + 1078810. Determine l(-237).
-14
Let f(a) = 673*a + 924. What is f(-2)?
-422
Let k(x) = -2*x**2 - 7799*x - 85743. Give k(-11).
-196
Let s(v) = 50*v**2 - 2026*v - 3089. What is s(42)?
19
Let y(z) = -17752*z - 585754. Determine y(-33).
62
Let j(l) = -19*l**2 + 428*l - 2228. What is j(15)?
-83
Let z(k) = 435*k + 59207. Determine z(-136).
47
Let q(f) = -3*f**2 + 3217*f - 87744. Give q(28).
-20
Let w(a) = 5*a**2 - 16752*a - 490008. Give w(-29).
5
Let c(p) = 2*p**3 - 495*p**2 - 733*p - 3484. Calculate c(249).
2
Let q(j) = 30190*j - 1147235. What is q(38)?
-15
Let k(v) = -591*v + 3528. What is k(6)?
-18
Let y(c) = 2*c**3 - 32*c**2 + 81*c - 480. What is y(20)?
4340
Let y(u) = 4*u**2 + 291*u + 6517. Calculate y(-29).
1442
Let l(y) = 405*y - 25408. What is l(62)?
-298
Let c(a) = 2*a**3 + 31*a**2 + a - 35. Determine c(-16).
-307
Let p(w) = -279995*w - 280002. Determine p(-1).
-7
Let i(z) = -2636805*z - 10547227. Give i(-4).
-7
Let i(u) = 1468*u**2 + 52842*u + 58. Determine i(-36).
274
Let o(n) = -n**3 - 86*n**2 + 545*n - 663. Determine o(-92).
-19
Let a(o) = 4*o**3 - 29*o**2 - 28339*o + 113569. Give a(4).
5
Let y(h) = 111*h - 28618. Give y(259).
131
Let f(c) = -c**2 - 2767*c - 858326. Give f(-2411).
-10
Let d(v) = -10*v**2 + 38*v + 169. Determine d(13).
-1027
Let p(u) = -2*u**3 - 41*u**2 - 224*u - 256. What is p(-12)?
-16
Let q(t) = t**3 - 158*t**2 - 3384*t - 427. Determine q(-19).
-28
Let l(b) = -b**3 - 55*b**2 + 306*b + 16617. Determine l(-55).
-213
Let p(n) = -8437*n - 25296. Determine p(-3).
15
Let r(k) = 109*k + 10063. Determine r(-96).
-401
Let s(u) = 332*u**2 - 7300*u + 2. Give s(22).
90
Let o(v) = 455*v**2 + 6820*v - 66. Give o(-15).
9
Let j(d) = 2*d**3 - 11*d**2 + 36*d - 13. Calculate j(11).
1714
Let h(o) = -114586*o - 11802354. Determine h(-103).
4
Let u(c) = c**3 + 15*c**2 - 79*c + 42. What is u(-17)?
807
Let k(u) = -u**3 - 607*u**2 + 2989*u - 43456. What is k(-612)?
-4
Let v(j) = j**2 + 16158*j + 499929. What is v(-31)?
-8
Let k(o) = -o**3 + 147*o**2 + 4293*o - 248. Calculate k(-25).
-73
Let j(y) = -y**3 + 559*y**2 - 3340*y + 138. Determine j(6).
6
Let q(j) = j**3 - 7*j**2 + 385*j - 1800. Give q(5).
75
Let f(m) = m**3 - 353*m**2 + 10825*m + 693. Determine f(34).
-21
Let s(a) = -230*a - 14597. Determine s(-63).
-107
Let z(k) = 606*k - 2488. What is z(4)?
-64
Let t(c) = 5849*c - 10000. Calculate t(2).
1698
Let c(t) = -2*t**3 - 11*t**2 + 1783*t + 10672. Calculate c(-6).
10
Let l(j) = -2*j**3 + 42*j**2 + 57*j - 211. Determine l(22).
75
Let p(l) = 2913*l - 122346. Calculate p(42).
0
Let p(c) = 107*c - 8005. What is p(79)?
448
Let h(c) = 2*c**3 + 190*c**2 + 761*c + 2998. Determine h(-91).
-5
Let z(o) = -o**3 - 29*o**2 - 112*o - 2203. Determine z(-28).
149
Let s(y) = 221*y + 5250. Calculate s(-19).
1051
Let f(j) = -2728*j + 40992. Calculate f(15).
72
Let q(n) = -30*n**2 - 16230*n + 81161. Determine q(5).
-739
Let f(c) = c**3 - 163*c**2 - 823*c - 2796. Give f(168).
60
Let j(s) = -107*s - 33065. Calculate j(-309).
-2
Let x(d) = 2448*d**2 - 4881*d + 1. What is x(2)?
31
Let s(n) = 15*n**3 + 114*n**2 - 15*n - 85. Give s(-7).
461
Let s(l) = 1358*l - 160878. Determine s(118).
-634
Let o(m) = -1864*m - 98814. What is o(-53)?
-22
Let a(g) = 8*g**2 - 129*g + 807. What is a(7)?
296
Let r(m) = -m**3 - 14*m**2 + 199*m + 2214. Calculate r(-9).
18
Let j(v) = -260*v**2 + 39490*v + 4544. Calculate j(152).
-16
Let c(y) = -y**3 + 27*y**2 + 89837*y - 2336435. Calculate c(26).
3
Let o(z) = -z**3 - 33*z**2 - 207*z - 205. Calculate o(-26).
445
Let j(i) = -18196*i - 236553. Calculate j(-13).
-5
Let d(h) = -14*h**2 - 32598*h - 32598. Calculate d(-1).
-14
Let t(v) = -124*v**2 - 3476*v + 20481. Give t(5).
1
Let q(c) = -2*c**2 + 2781*c + 210599. Calculate q(-72).
-1
Let z(k) = k**3 - 80*k**2 + 814*k - 16588. Determine z(72).
548
Let f(o) = -483*o**2 + 31396*o - 58. Give f(65).
7
Let v(w) = w**3 + 166*w**2 - 18*w - 4593. Calculate v(-166).
-1605
Let g(x) = 6*x**2 + 531*x - 4953. Determine g(9).
312
Let r(x) = 2*x**3 + 45*x**2 - 38*x - 577. Give r(-23).
-232
Let i(t) = -1777*t - 284397. Calculate i(-160).
-77
Let s(y) = y**3 - 93*y**2 + 112*y - 1753. Calculate s(92).
87
Let j(y) = -y**2 - 48*y + 2270. What is j(-70)?
730
Let g(f) = -468*f + 29662. Calculate g(60).
1582
Let j(t) = t**3 - 45*t**2 + 951*t - 49141. Give j(47).
-26
Let f(h) = -2*h**3 + 75*h**2 - 775*h + 1629. Give f(14).
-9
Let p(t) = -114*t**2 + 1826*t + 33. Calculate p(16).
65
Let l(m) = 14*m**2 - 738*m + 8089. Calculate l(37).
